 = -17*c(p) - 6*w(p). Give v(-6).
4
Let k(h) be the third derivative of h**6/720 - h**5/30 - h**4/24 - h**2. Let o(q) be the second derivative of k(q). Let n = -18 - -23. Determine o(n).
1
Let l(r) = 2*r + 8. Let j be (12 - -2)/(-2) + 1. What is l(j)?
-4
Let z(g) = -5*g + g + 3 + 2*g. Let n be 2 - (3 - 2 - 4). Suppose -2 = -n*r + 18. Give z(r).
-5
Let q(z) = 3*z**2 + 5*z + 4. Let u be (1/(-2))/(10/60). What is q(u)?
16
Let n = -9 + 13. Suppose 2*s + n*i = 5 + 11, 4*s + 5*i - 44 = 0. Suppose -2*r = 2*r + s. Let q(d) = d + 6. What is q(r)?
2
Let b = -8 - -8. Suppose 4*x - 8 = -b*x. Let p(f) = -f**2 - f. What is p(x)?
-6
Let p be ((-7)/(-3) - 2)*0. Let m(w) = -w. Let k(c) = -2*c + 1. Let y(l) = -k(l) + m(l). Give y(p).
-1
Let a(o) = -3*o - 2. Let d(y) = -y - 1. Let h(v) = 3*a(v) - 12*d(v). Give h(-6).
-12
Let o be 8/(-16)*(-5 + 1). Let b(w) = -w - o*w**2 - w**3 + w**2 - 15 + 18. Determine b(0).
3
Let m(g) = -5*g + 2. Let v be (-5)/1 - (-5 - -4 - 2). Calculate m(v).
12
Suppose -14*j + 10*j = 32. Let i(a) = -a**3 - 9*a**2 - 7*a + 10. Determine i(j).
2
Let y be (-2)/8 - (-1)/4. Suppose -g + 4*g - 27 = 0. Suppose y = -2*p - 3*l + 2*l - 3, -3*l = -g. Let h(v) = -v**3 - 4*v**2 - v + 2. What is h(p)?
-4
Let c(u) = 15*u + 3. Let x(d) = -d. Let i(f) = c(f) + 12*x(f). Give i(-3).
-6
Let x(c) = c**2 - 13 + 0 + 6. Suppose 5*k + a = -a - 6, -3*k + 12 = -4*a. Determine x(k).
-7
Let x(s) = -9*s - 1. Let a be (-33)/55 - (-26)/10. Give x(a).
-19
Let f(x) be the second derivative of x**4/12 - x**3/3 + 22*x. Determine f(-2).
8
Suppose -7 = -4*o + 5. Let y = 5 - 4. Let w(i) = 1 - 1 - i + y. Calculate w(o).
-2
Let p(g) = g**3 + 6*g**2 + 6*g. Let z(s) = s**3 + 7*s**2 + 7*s. Let h(k) = -4*p(k) + 3*z(k). Calculate h(-3).
9
Let s(v) = v**2 - 6*v - 4. Let h(c) = -1. Let y(n) = 3*h(n) - s(n). Suppose 4*t - o - 3*o - 36 = 0, t - 4*o = 21. Calculate y(t).
6
Let j(c) be the second derivative of -c**3/3 - 14*c. Determine j(3).
-6
Let n(g) be the second derivative of -g**5/20 - g**4/3 - g**3/6 - g**2/2 - 11*g. Determine n(-2).
-7
Suppose 0 = 2*k - 6*k + 20. Let n(b) be the third derivative of -1/12*b**4 + 0 - 1/120*b**6 + 0*b + b**2 + 1/15*b**k + 1/6*b**3. Give n(3).
4
Suppose -6 = 3*f, 5*f - 19 = 5*h + 1. Let o(w) = -w**2 + 1. Let l(i) = 5*i**2 - 8*i - 14. Let z(s) = h*o(s) - l(s). Determine z(-6).
-4
Let o(m) = m**3 - 7*m**2 - 2. Suppose -y - 2*r + 17 = 3*r, 4*y + 5*r - 38 = 0. Let j be o(y). Let s(h) = 2*h - 4*h**2 - 3 + h**3 - 2*h**3 + 6. Give s(j).
-9
Let n(y) = -9*y + 1. Suppose -2*g - 5 - 5 = 0. Let j = g - -4. Determine n(j).
10
Suppose -w - 1 = -2. Let k = 6 - 4. Let i(z) = 5 - w - 3 + k*z + z**2. Give i(-1).
0
Let o(d) = d**2 - d + 12. Suppose 0 = 5*w + 3*x - 58, -x + 0 + 1 = 0. Let j = -11 + w. Determine o(j).
12
Suppose 4*a = -0 + 8. Suppose -6 = -c - a*c. Let t(r) = 8*r**3 + 17*r**2 - 11. Let f(w) = 3*w**3 + 6*w**2 - 4. Let n(s) = -11*f(s) + 4*t(s). Determine n(c).
0
Let b(u) = -u**3 - u + 1. Let k = 94 - 92. Determine b(k).
-9
Let b(s) = -s**2 + s + 2. Let l be b(2). Suppose l = -2*g - 0 + 4. Let t(m) = 3*m - 1 - 3*m - g - 2*m. Calculate t(-5).
7
Let i(s) = 12*s + 1. Let x = 17 + -18. Determine i(x).
-11
Suppose 0 = -4*p + 2*p. Suppose -2*r + 12 = -p. Suppose -r + 0 = -3*i. Let k(o) = 2*o**2 - 3*o + 2. Calculate k(i).
4
Let v(x) = -x - 3. Let c(w) = -w - 3. Let a(q) = 2*c(q) - 3*v(q). What is a(-3)?
0
Let q(l) = -l**2 + 2*l + 2. Let w = 14 + -11. Suppose 3*g - 22 - 5 = w*c, 5*g - 15 = -c. Calculate q(g).
-6
Let k(a) = 2*a + 7. Suppose 0 = -3*x - 8 + 11. Let n be (-24)/(-20)*(x + -6). Let f be (n/(-5))/((-1)/5). Calculate k(f).
-5
Let z(y) = 4*y - 3. Suppose -2 = u + 1. Let w(p) = 8*p + 2*p - p - 7. Let h(r) = u*w(r) + 7*z(r). What is h(1)?
1
Suppose -3 = -3*h - c, -2*h + 12 + 0 = 4*c. Let s(d) = d - 17. Let o(v) = 3*v - 50. Let k(x) = 4*o(x) - 11*s(x). Determine k(h).
-13
Let w be 6/(-4)*6/(-9). Let x(z) be the third derivative of z**4/3 - z**3/6 - 2*z**2. Give x(w).
7
Let h = 84 + -85. Let z(x) = 3*x**2 - x - 1. Give z(h).
3
Let g(r) be the second derivative of r**3/6 - 5*r**2 + r. Let i(o) = o - 10. Let f(h) = -7*g(h) + 6*i(h). Calculate f(5).
5
Let c be (-27)/(-3)*1/(-3). Let a(i) = i**2 + i - 4. What is a(c)?
2
Let j(k) = -k**2 - 5*k - 2. Let x be j(-5). Let v = x + 4. Let n(q) = q**2 - 2 + q - q**3 + v - q**3. Determine n(-1).
2
Let g(z) be the third derivative of 0*z - 2*z**2 + 5/6*z**3 + 0 + 1/60*z**5 + 7/24*z**4. Give g(-6).
-1
Let n(z) = -1 - z**3 + z**3 + z**3 + 3*z**3. Calculate n(-1).
-5
Suppose -19 = 5*p + 6. Let n(i) = i - 2. Calculate n(p).
-7
Let q(a) = a + 7. Let x = -12 - -7. What is q(x)?
2
Let h be (-12)/(-16) - (-13)/4. Let s(g) = -g**2 + 3*g - 2. Determine s(h).
-6
Let r = -21 - -19. Let h(q) = -q**3 - 2*q**2 + 4*q + 3. Give h(r).
-5
Let l(o) = 10 + 5*o - o - 2*o - 11. Give l(2).
3
Let r be (-2 + (7 - 4))*2. Let z(a) = a + 10. Let l(u) = -9. Let s(j) = 7*l(j) + 6*z(j). Determine s(r).
9
Suppose 0*a = -a + 5, -3 = -2*h - 3*a. Let s(k) = 2 - 7 - 4 + 5*k**2 - 9*k + k**3. What is s(h)?
9
Let m be (-1)/(28/(-160)) + (-4)/(-14). Let p(z) = z**2 - 5*z - 5. What is p(m)?
1
Let q = 2 - 5. Let f(h) be the second derivative of h**7/1260 + h**6/144 + h**5/60 - h**4/12 - h. Let a(n) be the third derivative of f(n). What is a(q)?
5
Let f(d) be the first derivative of -d**4/4 - 14*d**3/3 + 15*d**2/2 - d + 2. Let p be f(-15). Let a(m) = -m**3 - 2*m**2. Give a(p).
-1
Let z(x) be the first derivative of x**2/2 - 11*x - 2. Let h be z(8). Let c be 6 + -2 + h/(-3). Let a(i) = -i + 5. What is a(c)?
0
Let j(z) = -32 - 34 + 64 - 2*z. Suppose x = 3*l + 22, 2*l + l + 5*x - 2 = 0. Calculate j(l).
10
Suppose 5*i + 0*i + 25 = 0. Let o(x) = -x + 10 - 14 - x + 0*x. Determine o(i).
6
Suppose 0 = o - 2 + 1. Let d(w) be the first derivative of 0*w - 1/2*w**2 - 7/3*w**3 - 1. Determine d(o).
-8
Let i(t) = -t**2 + 4*t - 4. Let y(c) = c**2 - 2*c - 5. Let f be y(4). Calculate i(f).
-1
Let n(m) = 3 - m - 1 - 5 + 2*m. Suppose 3 = -k - 0*k. What is n(k)?
-6
Let a = -2 + 3. Let m(d) = a + d**2 - 2*d**2 + 5*d - 8 + 8. What is m(5)?
1
Let o be 2/(-6)*3*-1. Let w(p) = 15*p**2 - p + 1. Give w(o).
15
Let f = 5 - 4. Let u(g) be the first derivative of -1/2*g**4 - g**2 - 1 + g + 2/3*g**3. Calculate u(f).
-1
Let a(g) = -4*g + 9. Let o(i) = -11*i + 26. Let z(u) = 8*a(u) - 3*o(u). Determine z(5).
-1
Let w be (-1)/3*(-48)/16. Let b(r) = 6*r**2 - r. Calculate b(w).
5
Let y(o) = o + 8. Let m be (-3)/2*(-10)/45*-12. Calculate y(m).
4
Let s(g) = -g + 1. Let x = -135 - -135. Determine s(x).
1
Let c be 18/(-30)*5/(-6). Let f(w) be the first derivative of -c*w**2 + 2 + 4*w. Determine f(3).
1
Let y be 2*((-6)/(-4))/(-1). Let z(g) = -2*g - g**2 + g + 2 - 3*g. Determine z(y).
5
Let x(l) = -6*l. Let p(r) be the second derivative of -r**3/6 + r. Let t(y) = 11*p(y) - 2*x(y). Calculate t(1).
1
Let h(m) = -m - 2. Let r(y) = y**2 + 8*y + 14. Let i be r(-6). Give h(i).
-4
Let h(m) be the second derivative of m**3/6 + 6*m**2 + 3*m. Give h(-5).
7
Let j(d) be the second derivative of -d**4/4 + d**3/3 - 3*d**2/2 - 31*d. Suppose 5*a - 7 = 3. What is j(a)?
-11
Let l(u) be the second derivative of -u**4/6 + u**3/2 + 2*u**2 + 2*u. Let j be 2/((-6)/3)*-2. Suppose -5*o - 5*r = 0, -j*o + 15 = o - 2*r. What is l(o)?
-5
Let h(f) be the third derivative of f**5/60 + 5*f**4/12 + 4*f**3/3 - 26*f**2. Determine h(-7).
-13
Let c(q) be the first derivative of -q**6/360 - q**5/40 + q**4/12 + q**3/3 + 1. Let r(j) be the third derivative of c(j). Let s = 81 - 85. Calculate r(s).
-2
Let f(o) = -19*o + 21. Let x(q) = 19*q - 20. Let n(k) = -4*f(k) - 5*x(k). Let b(m) = -4*m + 3. Let p(v) = -11*b(v) + 2*n(v). Calculate p(1).
5
Let y(n) = n**2 - 9*n + 10. Let w be y(8). Let q be 3 - (-2 - w/(-2)). Let k(r) be the second derivative of r**4/12 - 5*r**3/6 + 3*r**2 + 2*r. What is k(q)?
2
Suppose -c - 3 = -2*u - 4, 0 = -3*c - 5*u - 19. Let a(f) = -f**2 - 3*f - 2. Let s(j) = -3*j**2 - 10*j - 7. Let w(b) = 7*a(b) - 2*s(b). Calculate w(c).
-6
Let n(l) = -7*l + 2*l + 3*l**2 - 3*l**2 + l**2 + 5. Suppose 0 = -8*s + 3*s + 20. Determine n(s).
1
Suppose 4*m + 12 = 2*u, -2*u + 5*m + 15 + 0 = 0. Let r(x) = 2*x - x**2 + 0*x**2 - 1 - x. Calculate r(u).
-1
Let p(q) = -3*q**2 - 3*q - 19. Let a(l) = l**2 + 2*l + 9. Let w(m) = 5*a(m) + 2*p(m). Give w(6).
-5